lculate d(a).
6
Let z(u) = u**2 - 6*u + 8. Let t be (14 - 9) + 1 + 1. Give z(t).
15
Suppose 1 - 19 = 3*v. Let a(w) = w**3 + 5*w**2 - 5*w + 1. Calculate a(v).
-5
Let a(j) be the third derivative of j**5/60 + j**4/3 - j**3/6 - 14*j**2. Calculate a(-7).
-8
Let m(b) = 1 - b - 20 + 7. Let x(k) = -3*k**2 - 3*k - 2. Let a(z) = z**2 + z + 1. Let r(h) = 5*a(h) + 2*x(h). Let t be r(2). Determine m(t).
-7
Let d(r) be the second derivative of -r**5/4 - 2*r. Let u be d(-1). Let t(l) be the third derivative of -l**4/24 + l**2. Determine t(u).
-5
Let i(n) = n**3 + 10*n**2 + 8*n - 3. Suppose 12 = -m - 3*x, -2*x = -0*m - 4*m - 34. Let c be i(m). Let q(p) = p**2 - 7*p + 7. Give q(c).
1
Let i(p) = p**3 + 6*p**2 - p - 2. Let t be i(-6). Suppose -2*q - 4*m = -14, -3*q + 3*m - 7 = -4*q. Let b(a) = -q*a + a + 5*a - t. Determine b(-2).
-2
Let f(z) be the first derivative of -z**2 + 3*z - 1 - 1/3*z**3. Let i be -3*1*(0 + 1). Determine f(i).
0
Let h(i) = i - 6. Let c = -36 + 43. Give h(c).
1
Suppose 3*u + 8 = 3*d - u, 0 = -d + 4*u. Let v(w) = -3*w**2 - 3. Let s(p) = -8*p**2 - p - 8. Let z(o) = d*s(o) - 11*v(o). Let x = 7 + -5. Calculate z(x).
-3
Let z(x) = -x**2 - 11*x + 12. Let n(l) = -l**2 - 12*l + 13. Let m(f) = 4*n(f) - 5*z(f). Determine m(-6).
-14
Let p(z) be the first derivative of -1 + z**2 + 1/3*z**3 - z. What is p(2)?
7
Let z(d) be the third derivative of -d**4/24 - 5*d**3/6 - 8*d**2. Determine z(-6).
1
Let g(d) = d**3 - 4*d**2 + 3*d + 4*d**2 - 2 - 5*d**2. Calculate g(4).
-6
Suppose 0*t = 3*t. Let n(r) be the third derivative of -2*r**2 - 1/3*r**3 + 1/120*r**6 + 0 + 1/60*r**5 - 1/24*r**4 + 0*r. Determine n(t).
-2
Let s(v) be the third derivative of v**5/60 + v**4/8 + 2*v**3/3 + 4*v**2 + 35. Let n be (-11)/4 + (-2)/8. Give s(n).
4
Let o(w) = 8 + 0*w**3 - w**3 + 7*w - 2 - 4*w**2 - 2. Let p be 10*((-6)/(-3))/(-4). Determine o(p).
-6
Let t = 10 - 8. Let l(c) = t*c + c - 4*c - 5 + 2*c. Let h = 1 + 3. Determine l(h).
-1
Let k(m) = -m - 8. Let c be -1*((-2 - 0) + 9). Calculate k(c).
-1
Let i(h) = h + 1. Let k(d) = d**2 + 10*d. Let g(n) = -6*i(n) + k(n). Calculate g(-5).
-1
Let h(m) be the first derivative of m**6/360 - m**5/30 + 5*m**4/24 - 4*m**3/3 - 1. Let a(g) be the third derivative of h(g). Calculate a(4).
5
Let a(i) = 23 + 22 + i**2 - 76 + 8*i + 29. Give a(-9).
7
Let b = -8 - -12. Let q(z) = -z**2 - 2 + b - 3 - 4. Let t be (0 + 0/2)/1. What is q(t)?
-5
Let s(w) = -w**2 + 5*w + 5. Let h be (-4)/(-14) + (-198)/(-42). Let r(n) = n**2 - 5*n + 5. Let a be r(h). Calculate s(a).
5
Let o(t) be the second derivative of -t**4/2 + t**3/6 - 16*t. Determine o(-1).
-7
Let m(p) = p**2 - 7*p. Let o = -3 - -2. Let g(c) = -4*c**3 + 1. Let t be g(o). What is m(t)?
-10
Let c(q) = 3*q + 6. Let r(f) = f - 1. Let z(h) = c(h) + 4*r(h). Let y be 6/(-21) + 102/14. Let n(m) = -m**3 + 6*m**2 + 8*m - 9. Let x be n(y). Calculate z(x).
-12
Let n(i) = 3 - 2*i + 3*i - 5*i + 0. Calculate n(2).
-5
Let k be 5/15 - (-4)/(-12). Let a(u) = 4*u - 4. Let m(o) = 3*o - 3. Let c(f) = 5*a(f) - 7*m(f). Determine c(k).
1
Let a = -4 + 8. Let t(p) = -p**2 - p - 1. Let w(q) = -q**3 - 2*q**2 + 5*q + 12. Let g(h) = a*t(h) + w(h). Give g(-6).
2
Let x(o) = 4 - 2*o - 5*o**2 + 4*o**2 + 0*o**2. Determine x(-5).
-11
Let u(r) = -7*r**3 - 3*r**2 + 5*r - 2. Let z(o) = o**3 + o**2 - o + 1. Let j(y) = u(y) + 3*z(y). Let n(h) = -h - 16. Let l be n(-15). Give j(l).
3
Let n(y) = -y**2 - 7*y + 8. Let v(j) = -2*j**2 - 14*j + 15. Let o(l) = 11*n(l) - 6*v(l). Determine o(-6).
-8
Let t(q) = q + 3. Let i be 3/(-6)*(0 - 12). Let g be ((-4)/(-6))/(4/i). Suppose g = -3*m + 10. Determine t(m).
6
Let w(k) = 3*k**3 + 5*k**2 - 4*k + 3. Let t(m) = -2*m**3 - 6*m**2 + 5*m - 2. Let f(v) = 4*t(v) + 3*w(v). What is f(8)?
1
Let n(f) = -f**3 + f**2 - f - 1. Let l(m) = -m**3 + 6*m**2 - 5*m - 7. Let d(r) = -l(r) + 6*n(r). What is d(1)?
-5
Let i(w) = -w**2 - 4*w - 2. Let h be i(-2). Let l(b) = -b**3 - 4*b**2 - b. Let v be l(-5). Let o be (v/(-12))/(h/(-4)). Let m(g) = 3*g - 7. What is m(o)?
8
Let b(h) = h**3 + 6*h**2 - 2*h - 6. Let a be (12/(-36))/((-2)/(-36)). Calculate b(a).
6
Let x(j) be the second derivative of -2*j**5/5 - j**4/12 + j**3/6 + j**2/2 - j. What is x(-1)?
7
Let o(r) = -r**2 - 4*r + 6. Let p(k) = 1. Let c(y) = o(y) - 4*p(y). What is c(-4)?
2
Let k(c) = 11*c**3 + 7*c**2 - 12. Let x(u) = 4*u**3 + 2*u**2 - 4. Let a(r) = -3*k(r) + 8*x(r). What is a(-5)?
4
Let l(j) = -6*j - 39. Let w be l(-7). Let v(o) = -o**3 + 4*o**2 - o + 3. Give v(w).
9
Let u(l) be the second derivative of 1/6*l**3 + 0 - 4*l - 9/2*l**2. Let o be u(9). Let f(s) = s**2 - s - 6. Calculate f(o).
-6
Let f(n) = 3*n**2 + 3*n + 1. Let s be 1/(-7) + (-100)/35. Calculate f(s).
19
Let l(a) be the second derivative of -a**4/12 + a**3/6 - a**2 + 2*a + 9. Determine l(6).
-32
Let n(u) be the first derivative of -u + 4 + 0*u**3 + 0*u**2 + 11/4*u**4. Calculate n(1).
10
Suppose -n + 2*p + 2 = 0, 4*n - 1 + 8 = 3*p. Let o(s) = -2*s**2 - 13*s - 2. Let h(j) = -j**2 - 6*j - 1. Let g(z) = 7*h(z) - 3*o(z). Calculate g(n).
-5
Let h(a) = -a**2 - 7*a + 6. Let f(u) = -u**2 + 1. Let x(z) = 2*f(z) - h(z). Determine x(6).
2
Let m(c) = -c**2 - c - 1. Let w(t) = 5*t**2 + 6*t. Let a(q) = 4*m(q) + w(q). Let h be a(-4). Let r(u) = -u**2 + 4*u - 3. What is r(h)?
-3
Let f(d) be the third derivative of 1/4*d**4 + d**3 + 1/60*d**5 + 0 - d**2 + 0*d. Let j be 0 + -6 - (-1 - 1). Determine f(j).
-2
Let q(k) = -20 - k + 23 + 9*k. Determine q(-3).
-21
Let b(g) = 3*g - 3*g + 3*g - 4*g. Let l(h) = 4*h + 1. Let j(k) = -b(k) + l(k). Let t = -3 - -2. Calculate j(t).
-4
Let t(p) = -7*p**2 - 4*p**2 - 2*p + 13*p**2 + 0 + 1. What is t(2)?
5
Let i(a) = -a. Let h be i(6). Let c(y) = y**3 + 6*y**2 + 2*y + 9. What is c(h)?
-3
Let j(y) = -y**2 - 6*y - 5. Let g(p) = -p**2 + 5*p - 9. Let b be g(4). What is j(b)?
0
Let f(c) = c**2 - c. Let v(g) = -2*g - 12. Let l be v(-5). What is f(l)?
6
Let y(f) = f**2 + 3*f + 2. Let m = -10 + 7. Let q = 1 + m. What is y(q)?
0
Let l(p) = p**2 + 4*p + 2*p**2 - 3 + 0 - p**3 + 0. Let w(b) = b**3 + 4*b**2 - b. Let q be w(-4). Calculate l(q).
-3
Suppose v = -1 - 0. Let w be (-5)/((-2)/(2/v)). Let q(i) = -i**2 - 5*i - 2. Calculate q(w).
-2
Let t(p) = 24*p**3 - 10*p**2 + 3*p + 7. Let h(n) = 8*n**3 - 3*n**2 + n + 2. Let l = 9 - 16. Let m(w) = l*h(w) + 2*t(w). Calculate m(1).
-8
Let i(d) = 2*d**2 + 3*d - 1. Let j(o) be the third derivative of o**5/15 + o**4/4 - o**3/6 - o**2. Let u(w) = 5*i(w) - 2*j(w). Suppose -5*x = 8 + 7. Give u(x).
6
Suppose -j - 7 = 4*y, -2*y + 7 = -2*j - 3*y. Let w(k) = -k - 4. What is w(j)?
-1
Suppose g + g - 4 = 0. Let u(l) = 2 + 0 - 2*l**2 - g + l. Suppose -5*n = 7*x - 3*x + 14, 4*n + 8 = 0. Give u(x).
-3
Let n(a) be the first derivative of -2*a**3/3 - a**2/2 + 5*a - 4. Let b(o) be the first derivative of n(o). Calculate b(1).
-5
Let i(o) be the second derivative of -o**3/6 - 4*o**2 - o. Let b be i(-6). Let s(y) = y**3 + 6*y**2 - y - 5*y**2 + 0 - 2. Give s(b).
-4
Let m(q) = -12*q - 20. Let f be m(-2). Let j(l) = -l**3 + 4*l**2 + 3*l + 3. Let d(k) = k. Let g(t) = -4*d(t) + j(t). Give g(f).
-1
Let m(g) = 20*g - 6 + 5*g**2 - g**3 + 12*g - 26*g. What is m(6)?
-6
Let d(g) be the third derivative of g**6/120 - g**5/12 - g**3/2 + 19*g**2. Let k(a) = 3*a - 1. Let s be k(2). What is d(s)?
-3
Let y be (-4)/14 + 66/(-14). Suppose -5*d + 47 = -4*j - 29, -3*j = d. Let g(m) = -5 - d*m + 25*m - 12*m. Calculate g(y).
-10
Let j(i) be the third derivative of -i**6/60 + i**5/4 - i**4/2 + i**3/2 + 3*i**2. Let d(h) = -h**3 + 8*h**2 - 6*h + 1. Let q(l) = 5*d(l) - 3*j(l). What is q(4)?
4
Let n(j) = -5*j**3 + 12*j**2 - 2*j. Let h(v) = -6*v**3 + 13*v**2 - 3*v - 1. Let y(a) = -6*h(a) + 7*n(a). Give y(-6).
-18
Let b(o) = -6*o**2 + 2*o - 1. Suppose -g - j = 2*j - 2, 4*g - 23 = 3*j. Suppose c + y - 2*y = 0, -g*c = 3*y - 8. What is b(c)?
-5
Suppose -4*x - 5*j + 15 = 7, -5*j - 41 = -3*x. Let l = 5 - x. Let a(c) = 3*c - 3. Let w(m) = m - 1. Let v(s) = 2*a(s) - 7*w(s). What is v(l)?
3
Let g(z) be the second derivative of -z**5/20 - z**4/2 + z**3/2 - 9*z**2/2 - 9*z. Determine g(-7).
19
Suppose -4*o + 8 = 5*s, 3*o - 2 = -2*s + 4. Let a be s*(-1 + 2)/(-2). Let y(f) be the third derivative of -f**5/60 + f**4/24 - 3*f**3/2 - 7*f**2 - 4. Give y(a).
-9
Let a(x) be the first derivative of 1/3*x**3 - x - 1 - 3/2*x*